+ 9*l**2 + 6*l - 6. Let j be x(-7). Let s(v) = v**3 - 12*v**2 - 12*v - 3. Let u be s(13). Calculate the greatest common divisor of j and u.
10
Let q = -3 + -11. Let x = q - -28. Calculate the highest common factor of 42 and x.
14
Suppose -4*o = -3*h + 42, 4*o - 1 = -2*h + 7. Suppose -4*r = -r - 12. Calculate the greatest common factor of r and h.
2
Suppose 10 = 4*h - 6. Suppose -h*y - 177 + 817 = 0. What is the highest common divisor of 20 and y?
20
Let j = 35 - 21. Let g be 3/5 - j/(-35). What is the greatest common divisor of g and 1?
1
Let i = 0 + 3. Suppose 2*r + 13 = 5*d, 2*r + 3 + 7 = 4*d. Calculate the highest common divisor of i and r.
1
Let n = 54 + -36. Suppose 0 = 5*f, -5*q + 93 = -3*f + n. Calculate the greatest common factor of q and 30.
15
Suppose -k + h = -0 - 7, 0 = -3*h. Calculate the greatest common divisor of k and 77.
7
Let t be 4/((-12)/9) + -3. Let v = -4 - t. Suppose 5*r - 131 + 35 = v*w, -2*w + 30 = 2*r. What is the highest common factor of r and 45?
9
Let j be ((-5)/(25/8))/(1/(-95)). Calculate the greatest common divisor of j and 19.
19
Suppose 3*r + 5*h - 15 = 2*r, -3*r + 9 = -3*h. Let a be (1 + 29)*(-2)/(-5). Let s = 8 + a. Calculate the greatest common divisor of s and r.
5
Suppose 3*j - 5*j = 5*z - 1392, -3*j - 12 = 0. What is the highest common divisor of z and 35?
35
Let l = -19 + 27. Let i be (-14)/(-4) - (-1)/2. Suppose -40 = -i*z - z. Calculate the highest common factor of l and z.
8
Suppose 43 = 5*l - 22. What is the greatest common divisor of 65 and l?
13
Suppose 0 = -4*j - 49 + 481. What is the greatest common divisor of 6 and j?
6
Suppose -9 = -4*b - 29. Let j(s) = s**3 + 6*s**2 + 2*s - 7. Let y be j(b). What is the greatest common divisor of y and 32?
8
Let o = -32 - -86. Let t be (7 - 2) + (1 - 0). Calculate the greatest common divisor of t and o.
6
Let p = 4 + 41. Let l(d) = -4 - d + 5*d + 3. Let x be l(4). What is the highest common factor of p and x?
15
Suppose -5*t + 415 = -2*h, -3*h - 21 + 87 = t. Calculate the greatest common factor of 9 and t.
9
Let l be (-1)/(-1) - (-38 - 1). Suppose -2*m + 5*i - 2 = 0, -4 = -3*m + 2*i + 2*i. Calculate the highest common divisor of m and l.
4
Suppose -2*c = -2*w + 10, 3*c - 3 - 6 = 0. Calculate the highest common divisor of 4 and w.
4
Let r = 11 + -7. Let v = 141 + -135. What is the highest common divisor of r and v?
2
Let p = 39 - 34. What is the greatest common factor of 2 and p?
1
Let p(b) = 2*b + 2. Let l be p(2). Calculate the greatest common divisor of 9 and l.
3
Let h = 13 - 3. Let y(t) = -t**2 + 15*t + 6. Let i be y(h). Calculate the highest common divisor of 14 and i.
14
Let y be (30/(-9))/((-6)/9). Suppose 5*h + y*b - 25 = 0, -4 = -2*h - 5*b - 6. Calculate the greatest common divisor of 99 and h.
9
Suppose 0 = -4*i + 27 + 9. Let v be ((-3)/(-4))/(1/12). What is the greatest common divisor of v and i?
9
Suppose -5*m - 4*b + 25 = 0, -5*m + 3*b = -62 + 2. Let c be 4/14 - 38/(-14). What is the greatest common divisor of m and c?
3
Let w(l) = -l - 1. Let n be w(-15). What is the greatest common factor of n and 56?
14
Let k = 0 - -6. Suppose 2*i - 131 = -119. Calculate the highest common factor of k and i.
6
Let t(f) = f**3 - 3*f**2 + f + 2. Let j be t(3). Suppose 5*c + n + 109 - 392 = 0, -5*c - j*n = -295. Calculate the greatest common divisor of c and 8.
8
Let z = 54 + -97. Let s = -27 - z. Suppose -s + 7 = 2*v + 3*h, 10 = 5*v + h. Calculate the greatest common divisor of v and 1.
1
Let b(u) be the first derivative of u**2 - 8*u + 5. Let j be b(7). What is the highest common divisor of 3 and j?
3
Suppose 2*m - 54 - 26 = 0. Calculate the highest common divisor of 32 and m.
8
Suppose -59 = -6*d + 67. Let b be -22*63/(-6) - 0. What is the highest common factor of d and b?
21
Let g(x) = -3*x - 6. Let z be g(-4). Suppose z = -4*p - 6. Let y = 7 - p. What is the highest common factor of y and 25?
5
Let y be 56/(-4) + (-2)/(-2). Let n be (1 - y) + 9 + -10. Calculate the highest common divisor of 26 and n.
13
Suppose 5*c + 15 = 0, -4*y + 3*c - 17 + 74 = 0. Let o be y*1*(-21)/(-28). Suppose 0*p = -4*p + 36. Calculate the highest common divisor of p and o.
9
Suppose -k - 3 = -18. What is the highest common divisor of k and 165?
15
Suppose -5*q = -199 - 326. Suppose -h = -3*t - q, 0 = -2*h - 3*t - t + 160. What is the highest common factor of h and 30?
30
Suppose 0 = 3*z - 3*w + w - 155, -5*w - 85 = -2*z. Suppose -l - z = -6*l. What is the highest common factor of 77 and l?
11
Let u = -2 + 5. Let p(s) = 1 + u*s - 5*s + 10. Let r be p(-8). What is the highest common factor of r and 18?
9
Suppose -4*i + 69 - 17 = 0. Let c(d) = d**2 + 5*d + 3. Let q be c(-3). Let u be -3*i*5/q. What is the highest common divisor of 13 and u?
13
Let a(j) = -114*j - 12. Let q be a(-2). Suppose 0 = c - 28 + 4. What is the greatest common divisor of q and c?
24
Let z be (-2)/12 - (-200)/48. Suppose 79 = -z*a + q + 321, -126 = -2*a + 3*q. What is the highest common factor of a and 10?
10
Let f(c) = -7*c - 7. Let b be f(-13). Calculate the highest common divisor of b and 42.
42
Let x = -83 + 236. Suppose x + 39 = 4*v. Calculate the highest common divisor of v and 6.
6
Let n = 15 - 14. What is the highest common factor of 4 and n?
1
Suppose 0 = q - 5, -5 = 5*b - 3*q + 10. Suppose b = -5*p + 33 + 47. Let t = 5 - -3. What is the highest common factor of p and t?
8
Let s be (-9)/6*30/(-9). Let y be 13/3 - 2/6. Suppose 81 = y*k + s. Calculate the highest common divisor of k and 152.
19
Suppose 15 + 25 = b. Suppose -u = -5*n - 24, -6*u + 5*n = -u - b. Suppose u*w + 1 = 9. What is the greatest common divisor of 18 and w?
2
Suppose -3*j - 4*a = 8, -13 - 17 = -5*j + 2*a. What is the greatest common divisor of j and 20?
4
Let k = -7 + 0. Let u be (-182)/21*(k + 1). Calculate the highest common factor of u and 13.
13
Let x(i) = -11*i + 2. Let g(q) = -12*q + 2. Let u(t) = 2*g(t) - 3*x(t). Let m be u(2). Let p = m - 7. Calculate the highest common divisor of 18 and p.
9
Let b = 6 + -5. Suppose -b + 41 = 4*j. Calculate the greatest common divisor of j and 90.
10
Let q = -55 + 74. What is the greatest common factor of q and 19?
19
Let x(d) = d - 5. Let t be x(9). Suppose -t*l + 6 = -l. Let h(q) = -2*q**3 - 3*q**2 + 3*q - 2. Let o be h(-3). Calculate the highest common divisor of o and l.
2
Let j(x) = 2*x + 12. Let o be j(7). Suppose 3*f + o + 3 = l, 4*l = 4*f + 132. What is the greatest common factor of l and 5?
5
Let k be -10*(-1)/6*-3. Let s(t) = t**2 + 3*t - 4. Let p be s(k). Let l be 32/(p/3) - -2. What is the highest common factor of 12 and l?
6
Let h = -94 + 112. Let w = 96 + -51. What is the highest common divisor of h and w?
9
Let c be 1092/16 + (-2)/8. Suppose -7*r + c + 9 = 0. Calculate the greatest common divisor of 121 and r.
11
Let s(x) = x - 3. Let o be s(6). Suppose 5*f + 0*w = 3*w + 105, 39 = f + o*w. What is the highest common factor of f and 6?
6
Let u(s) = s**3 - 3*s**2 + 6*s - 3. Let i be u(5). Calculate the highest common factor of i and 11.
11
Let x = -401 + 279. Let w be x/(-5) + (-6)/(-10). Calculate the greatest common divisor of w and 75.
25
Let w = -8 - -25. Let n(s) = 2*s**2 - 4*s - 2. Let i be n(7). Calculate the greatest common factor of i and w.
17
Let h be ((-14)/35)/((-2)/70). Calculate the highest common factor of h and 7.
7
Suppose -50 = -2*u + 16. Let i(a) = -12*a - 1. Let c be i(-1). Calculate the greatest common divisor of u and c.
11
Suppose -r + 2*r = 144. Let z(o) = -5*o + 3. Let c be z(-3). Calculate the greatest common factor of c and r.
18
Let s = 31 + -12. Let d be 27*(44/6 + -1). Calculate the greatest common divisor of d and s.
19
Suppose -3*y + 5*y = -10. Let c be (-2)/5 + (-52)/y. Suppose q - 1 = w, 5*q = 31 - 6. What is the highest common divisor of c and w?
2
Let c = -24 - -42. What is the greatest common factor of c and 6?
6
Suppose 28 = 4*z + 2*f, 3*f - 65 + 28 = -5*z. Let g(a) = a**3 + 3*a**2 - 3*a - 1. Let m be g(z). What is the greatest common divisor of 23 and m?
23
Let v(n) = -13*n + 7. Let j be v(-5). Suppose -90 = 14*u - 19*u. Calculate the greatest common factor of u and j.
18
Suppose 348 - 352 = -2*n. Suppose -i - 4 = -5*i, -i = 5*r - 111. What is the highest common factor of n and r?
2
Suppose 43 = 5*b + 8. Let k(u) = 6*u**2 - 4*u + 2. Let 